2?
2
What is the tens digit of 94789495?
9
What is the tens digit of 787859028?
2
What is the hundred thousands digit of 638307527?
3
What is the millions digit of 385806379?
5
What is the hundreds digit of 496494386?
3
What is the ten thousands digit of 1075420810?
2
What is the hundreds digit of 76418930?
9
What is the units digit of 83332799?
9
What is the tens digit of 747128571?
7
What is the thousands digit of 127917?
7
What is the tens digit of 71427829?
2
What is the thousands digit of 2795066?
5
What is the hundred millions digit of 1191906387?
1
What is the tens digit of 1659483576?
7
What is the billions digit of 1007864666?
1
What is the units digit of 154834344?
4
What is the units digit of 163469157?
7
What is the units digit of 68540620?
0
What is the millions digit of 69868382?
9
What is the ten thousands digit of 6351225961?
2
What is the units digit of 256574921?
1
What is the hundreds digit of 190184424?
4
What is the hundred thousands digit of 438345820?
3
What is the ten thousands digit of 161343053?
4
What is the ten millions digit of 752108782?
5
What is the units digit of 48871525?
5
What is the ten thousands digit of 2524492613?
9
What is the hundreds digit of 156016876?
8
What is the thousands digit of 99892860?
2
What is the ten millions digit of 7079532425?
7
What is the hundred millions digit of 6144143103?
1
What is the ten millions digit of 798961995?
9
What is the hundred thousands digit of 265578887?
5
What is the ten thousands digit of 1876089407?
8
What is the hundreds digit of 25391410?
4
What is the ten thousands digit of 4607727769?
2
What is the ten millions digit of 394580548?
9
What is the tens digit of 745593102?
0
What is the millions digit of 815295052?
5
What is the hundreds digit of 240598769?
7
What is the thousands digit of 539626960?
6
What is the hundreds digit of 4179180448?
4
What is the units digit of 187996321?
1
What is the hundred millions digit of 2249712828?
2
What is the ten millions digit of 66354159?
6
What is the ten millions digit of 172676816?
7
What is the thousands digit of 2443480306?
0
What is the units digit of 129288121?
1
What is the millions digit of 1191571676?
1
What is the hundreds digit of 285053167?
1
What is the hundred thousands digit of 196019569?
0
What is the ten millions digit of 5711861793?
1
What is the tens digit of 2272058833?
3
What is the ten thousands digit of 5164864603?
6
What is the hundred thousands digit of 1944592839?
5
What is the millions digit of 50107790?
0
What is the hundreds digit of 68101079?
0
What is the hundred millions digit of 1036996383?
0
What is the hundred millions digit of 102834502?
1
What is the tens digit of 5751346526?
2
What is the thousands digit of 85235796?
5
What is the tens digit of 29298180?
8
What is the thousands digit of 3697572782?
2
What is the units digit of 5509877172?
2
What is the ten thousands digit of 12956263?
5
What is the ten millions digit of 331606295?
3
What is the hundred millions digit of 288215207?
2
What is the ten millions digit of 444103955?
4
What is the tens digit of 280138637?
3
What is the tens digit of 117768980?
8
What is the hundred millions digit of 212955509?
2
What is the hundred thousands digit of 663907700?
9
What is the ten millions digit of 627377814?
2
What is the hundreds digit of 2770349815?
8
What is the units digit of 95201?
1
What is the millions digit of 88338127?
8
What is the units digit of 121868209?
9
What is the hundred thousands digit of 1593748842?
7
What is the tens digit of 25845763?
6
What is the units digit of 239234204?
4
What is the hundred thousands digit of 398526317?
5
What is the millions digit of 3823878095?
3
What is the hundred millions digit of 193558628?
1
What is the units digit of 360538511?
1
What is the tens digit of 5369477491?
9
What is the thousands digit of 138162127?
2
What is the ten thousands digit of 695401645?
0
What is the hundred millions digit of 3653084614?
6
What is the ten millions digit of 1500787265?
0
What is the hundreds digit of 5997671619?
6
What is the hundred thousands digit of 130269747?
2
What is the units digit of 1574136422?
2
What is the millions digit of 1833382377?
3
What is the ten millions digit of 60974693?
6
What is the ten millions digit of 27994558?
2
What is the units digit of 73437206?
6
What is the hundred thousands digit of 616050589?
0
What is the units digit of 8911728?
8
What is the units digit of 1448045725?
5
What is the millions digit of 56486071?
6
What is the ten millions digit of 18927893?
1
What is the tens digit of 4170680861?
6
What is the ten millions digit of 3099352729?
9
What is the ten thousands digit of 279087860?
8
What is the hundred millions digit of 389867461?
3
What is the hundred thousands digit of 32509144?
5
What is the thousands digit of 497882644?
2
What is the tens digit of 75163466?
6
What is the ten thousands digit of 566446279?
4
What is the units digit of 65539150?
0
What is the hundreds digit of 168347368?
3
What is the tens digit of 639843403?
0
What is the millions digit of 670679231?
0
What is the millions digit of 75715340?
5
What is the ten millions digit of 159709682?
5
What is the thousands digit of 16401924?
1
What is the hundreds digit of 6945488?
4
What is the hundred millions digit of 1193672994?
1
What is the hundred millions digit of 308713311?
3
What is the thousands digit of 14811915?
1
What is the hundred thousands digit of 162900317?
9
What is the hundred thousands digit of 2843819713?
8
What is the hundred thousands digit of 279426585?
4
What is the hundred millions digit of 119682904?
1
What is the thousands digit of 116447857?
7
What is the hundred thousands digit of 6662848?
6
What is the ten millions digit of 316115369?
1
What is the ten millions digit of 174674410?
7
What is the units digit of 344148055?
5
What is the units digit of 14589795?
5
What is the billions digit of 1990053114?
1
What is the thousands digit of 141317131?
7
What is the hundred thousands digit of 283581465?
5
What is the ten millions digit of 312110890?
1
What is the hundreds digit of 26836085?
0
What is the ten millions digit of 15935393?
1
What is the hundreds digit of 638432686?
6
What is the hundreds digit of 667882085?
0
What is the tens digit of 29529027?
2
What is the hundred thousands digit of 1359492122?
4
What is the hundred millions digit of 3084680058?
0
What is the thousands digit of 54377811?
7
What is the ten thousands digit of 1572638033?
3
What is the units digit of 64604585?
5
What is the units digit of 1896932325?
5
What is the hundred thousands digit of 28400075?
4
What is the hundreds digit of 1566477222?
2
What is the tens digit of 129947305?
0
What is the ten thousands digit of 4671547492?
4
What is the millions digit of 1082205721?
2
What is the billions digit of 1055849674?
1
What is the ten thousands digit of 133302110?
0
What is the hundred thousands digit of 17970479?
9
What is the ten thousands digit of 15420886?
2
What is the ten millions digit of 926685463?
2
What is the units digit of 2053462390?
0
What is the hundred thousands digit of 29916282?
9
What is the ten millions digit of 647326873?
4
What is the millions digit of 1165952063?
5
What is the hundreds digit of 374039077?
0
What is the tens digit of 116991513?
1
What is the tens digit of 78331017?
1
What is the millions digit of 379034346?
9
What is the millions digit of 4472192038?
2
What is the ten millions digit of 434528383?
3
What is the units digit of 1828063421?
1
What is the billions digit of 1172754161?
1
What is the millions digit of 84049247?
4
What is the millions digit of 284604518?
4
What is the thousands digit of 422717392?
7
What is the ten millions digit of 1069543688?
6
What is the millions digit of 6030663522?
0
What is the units digit of 901185208?
8
What is the thousands digit of 249321515?
1
What is the hundred thousands digit of 51827376?
8
What is the hundred thousands digit of 655595852?
5
What is the tens digit of 2379081606?
0
What is the tens digit of 583180226?
2
What is the millions digit of 1743073201?
3
What is the ten millions digit of 190592984?
9
What is the tens digit of 11753296?
9
What is the thousands digit of 743079496?
9
What is the hundred millions di